{"id":154,"date":"2024-08-10T16:25:50","date_gmt":"2024-08-10T19:25:50","guid":{"rendered":"http:\/\/www.sungirisim.com.tr\/?page_id=154"},"modified":"2024-08-11T16:31:00","modified_gmt":"2024-08-11T19:31:00","slug":"avrupada-dil-egitimi","status":"publish","type":"page","link":"https:\/\/www.sungirisim.com.tr\/index.php\/avrupada-dil-egitimi\/","title":{"rendered":"Avrupa&#8217;da Dil E\u011fitimi"},"content":{"rendered":"\n<figure class=\"wp-block-image size-large\"><img loading=\"lazy\" decoding=\"async\" width=\"1024\" height=\"683\" src=\"http:\/\/www.sungirisim.com.tr\/wp-content\/uploads\/2024\/08\/group-cheerful-happy-students-sitting-lecture-hall-before-lesson-1024x683.jpg\" alt=\"\" class=\"wp-image-181\" srcset=\"https:\/\/www.sungirisim.com.tr\/wp-content\/uploads\/2024\/08\/group-cheerful-happy-students-sitting-lecture-hall-before-lesson-1024x683.jpg 1024w, https:\/\/www.sungirisim.com.tr\/wp-content\/uploads\/2024\/08\/group-cheerful-happy-students-sitting-lecture-hall-before-lesson-300x200.jpg 300w, https:\/\/www.sungirisim.com.tr\/wp-content\/uploads\/2024\/08\/group-cheerful-happy-students-sitting-lecture-hall-before-lesson-768x512.jpg 768w, https:\/\/www.sungirisim.com.tr\/wp-content\/uploads\/2024\/08\/group-cheerful-happy-students-sitting-lecture-hall-before-lesson-1536x1024.jpg 1536w, https:\/\/www.sungirisim.com.tr\/wp-content\/uploads\/2024\/08\/group-cheerful-happy-students-sitting-lecture-hall-before-lesson-2048x1365.jpg 2048w, https:\/\/www.sungirisim.com.tr\/wp-content\/uploads\/2024\/08\/group-cheerful-happy-students-sitting-lecture-hall-before-lesson-90x60.jpg 90w\" sizes=\"auto, (max-width: 1024px) 100vw, 1024px\" \/><\/figure>\n\n\n\n<p>SUN Giri\u015fim Avrupa\u2019da farkl\u0131 \u00fclkelerde bulunan uluslararas\u0131 alanda uzun y\u0131llard\u0131r kaliteli hizmet veren ve deneyimli partnerleri ile dan\u0131\u015fmanlar\u0131m\u0131z e\u015fli\u011finde en iyi se\u00e7enekleri sunmaktad\u0131r. Y\u00fczlerce y\u0131ll\u0131k dil \u00f6\u011fretim gelene\u011fiyle modern \u00f6\u011fretim y\u00f6ntemlerini birle\u015ftirerek, her seviyeden \u00f6\u011frenciye uygun kurs se\u00e7enekleri ile hizmet veren dil okullar\u0131nda dil \u00f6\u011frenmenin yan\u0131nda \u015fehrin k\u00fclt\u00fcrel ve tarihi zenginliklerini ke\u015ffetme deneyimi de sunmaktad\u0131r.<\/p>\n","protected":false},"excerpt":{"rendered":"<p>SUN Giri\u015fim Avrupa\u2019da farkl\u0131 \u00fclkelerde bulunan uluslararas\u0131 alanda uzun y\u0131llard\u0131r kaliteli hizmet veren ve deneyimli partnerleri ile dan\u0131\u015fmanlar\u0131m\u0131z e\u015fli\u011finde en iyi se\u00e7enekleri sunmaktad\u0131r. Y\u00fczlerce y\u0131ll\u0131k dil \u00f6\u011fretim gelene\u011fiyle modern \u00f6\u011fretim y\u00f6ntemlerini birle\u015ftirerek, her seviyeden \u00f6\u011frenciye uygun kurs se\u00e7enekleri ile hizmet veren dil okullar\u0131nda dil \u00f6\u011frenmenin yan\u0131nda \u015fehrin k\u00fclt\u00fcrel ve tarihi zenginliklerini ke\u015ffetme deneyimi de sunmaktad\u0131r.<\/p>\n","protected":false},"author":1,"featured_media":181,"parent":0,"menu_order":0,"comment_status":"closed","ping_status":"closed","template":"","meta":{"footnotes":""},"class_list":["post-154","page","type-page","status-publish","has-post-thumbnail","hentry"],"_links":{"self":[{"href":"https:\/\/www.sungirisim.com.tr\/index.php\/wp-json\/wp\/v2\/pages\/154","targetHints":{"allow":["GET"]}}],"collection":[{"href":"https:\/\/www.sungirisim.com.tr\/index.php\/wp-json\/wp\/v2\/pages"}],"about":[{"href":"https:\/\/www.sungirisim.com.tr\/index.php\/wp-json\/wp\/v2\/types\/page"}],"author":[{"embeddable":true,"href":"https:\/\/www.sungirisim.com.tr\/index.php\/wp-json\/wp\/v2\/users\/1"}],"replies":[{"embeddable":true,"href":"https:\/\/www.sungirisim.com.tr\/index.php\/wp-json\/wp\/v2\/comments?post=154"}],"version-history":[{"count":3,"href":"https:\/\/www.sungirisim.com.tr\/index.php\/wp-json\/wp\/v2\/pages\/154\/revisions"}],"predecessor-version":[{"id":239,"href":"https:\/\/www.sungirisim.com.tr\/index.php\/wp-json\/wp\/v2\/pages\/154\/revisions\/239"}],"wp:featuredmedia":[{"embeddable":true,"href":"https:\/\/www.sungirisim.com.tr\/index.php\/wp-json\/wp\/v2\/media\/181"}],"wp:attachment":[{"href":"https:\/\/www.sungirisim.com.tr\/index.php\/wp-json\/wp\/v2\/media?parent=154"}],"curies":[{"name":"wp","href":"https:\/\/api.w.org\/{rel}","templated":true}]}}