{"id":98,"date":"2022-01-29T17:05:33","date_gmt":"2022-01-29T20:05:33","guid":{"rendered":"http:\/\/www.sungirisim.com.tr\/?page_id=98"},"modified":"2025-01-21T16:51:47","modified_gmt":"2025-01-21T19:51:47","slug":"hakkimizda","status":"publish","type":"page","link":"https:\/\/www.sungirisim.com.tr\/index.php\/hakkimizda\/","title":{"rendered":"Hakk\u0131m\u0131zda"},"content":{"rendered":"\n<div class=\"wp-block-columns is-layout-flex wp-container-core-columns-is-layout-1 wp-block-columns-is-layout-flex\">\n<div class=\"wp-block-column is-layout-flow wp-block-column-is-layout-flow\" style=\"flex-basis:66.66%\">\n<p>Sun Giri\u015fim olarak bizler \u00f6\u011frencilerin kariyerlerine y\u00f6n vermelerine yard\u0131mc\u0131 olma konusunda tutkulu bir grup e\u011fitimci olarak yola \u00e7\u0131kt\u0131k. \u00d6\u011frenme ve ke\u015ffetmenin g\u00fcc\u00fcne inanan ve bununla fark yaratan bir seyahat acentas\u0131y\u0131z. Amac\u0131m\u0131z, gen\u00e7lerin hayallerini ve hedeflerini ger\u00e7e\u011fe d\u00f6n\u00fc\u015ft\u00fcrmelerine destek olmak ve d\u00fcnya vatanda\u015flar\u0131 olmalar\u0131na katk\u0131da bulunmakt\u0131r.&nbsp;<\/p>\n\n\n\n<p>Alan\u0131nda uzman e\u011fitimci&nbsp; ve akademisyenlerin dan\u0131\u015fmanl\u0131\u011f\u0131nda haz\u0131rlanan yurtd\u0131\u015f\u0131 \u00f6\u011frenci programlar\u0131 ile bu alanda farkl\u0131l\u0131k yaratan Sun Giri\u015fim, 5 y\u0131ld\u0131r 100 farkl\u0131 okul ve 5 binin \u00fczerinde \u00f6\u011frenciye ula\u015fmay\u0131 ba\u015farm\u0131\u015ft\u0131r. Gen\u00e7lerin kariyerlerini \u015fekillendirdikleri ve gelece\u011fe dair kararlar\u0131n\u0131 ald\u0131klar\u0131 bu d\u00f6nemde kendilerini ke\u015ffetmeleri i\u00e7in farkl\u0131 programlar sunmaktad\u0131r. D\u00fcnyan\u0131n d\u00f6rt bir yan\u0131ndaki k\u00fclt\u00fcrel zenginliklerle tan\u0131\u015ft\u0131rarak, yeni yerler g\u00f6rmeye ve farkl\u0131 k\u00fclt\u00fcrleri deneyimlemeye te\u015fvik ederken ayn\u0131 zamanda bir \u00e7ok disiplinin bir arada oldu\u011fu bilim, k\u00fclt\u00fcr, sanat, tarih ve do\u011fa&nbsp; etkinlikleri, kamplar,&nbsp; at\u00f6lyeler ile mesleklerini ke\u015ffetmelerini sa\u011flamay\u0131 hedeflemektedir.&nbsp;<\/p>\n\n\n\n<p>Sun Giri\u015fimin deneyimli kadrosu, gen\u00e7lere ve \u00fclkemizin gelece\u011fine olan inanc\u0131, \u201c\u00f6\u011frenme ve ke\u015ffetme odakl\u0131\u201d yakla\u015f\u0131m\u0131 ile kaliteli bir hizmet sunmaya, yurtd\u0131\u015f\u0131 e\u011fitim programlar\u0131 ile gen\u00e7lerin heyecan\u0131na ortak olarak devam etmektedir. G\u00fcven, tecr\u00fcbe ve kalite anlay\u0131\u015f\u0131ndan vazge\u00e7meden organizasyon hakimiyeti ve tecr\u00fcbesiyle yurtd\u0131\u015f\u0131 \u00f6\u011frenci organizasyonlar\u0131nda yoluna emin ad\u0131mlarla devam etmektedir.<\/p>\n<\/div>\n\n\n\n<div class=\"wp-block-column is-layout-flow wp-block-column-is-layout-flow\" style=\"flex-basis:33.33%\">\n<figure class=\"wp-block-image size-large\"><img loading=\"lazy\" decoding=\"async\" width=\"704\" height=\"1024\" src=\"http:\/\/www.sungirisim.com.tr\/wp-content\/uploads\/2024\/08\/cropped-modern-office-space-interior-1-scaled-1-704x1024.jpg\" alt=\"\" class=\"wp-image-310\" srcset=\"https:\/\/www.sungirisim.com.tr\/wp-content\/uploads\/2024\/08\/cropped-modern-office-space-interior-1-scaled-1-704x1024.jpg 704w, https:\/\/www.sungirisim.com.tr\/wp-content\/uploads\/2024\/08\/cropped-modern-office-space-interior-1-scaled-1-206x300.jpg 206w, https:\/\/www.sungirisim.com.tr\/wp-content\/uploads\/2024\/08\/cropped-modern-office-space-interior-1-scaled-1-768x1117.jpg 768w, https:\/\/www.sungirisim.com.tr\/wp-content\/uploads\/2024\/08\/cropped-modern-office-space-interior-1-scaled-1-1056x1536.jpg 1056w, https:\/\/www.sungirisim.com.tr\/wp-content\/uploads\/2024\/08\/cropped-modern-office-space-interior-1-scaled-1-1024x1489.jpg 1024w, https:\/\/www.sungirisim.com.tr\/wp-content\/uploads\/2024\/08\/cropped-modern-office-space-interior-1-scaled-1-743x1080.jpg 743w, https:\/\/www.sungirisim.com.tr\/wp-content\/uploads\/2024\/08\/cropped-modern-office-space-interior-1-scaled-1.jpg 1174w\" sizes=\"auto, (max-width: 704px) 100vw, 704px\" \/><\/figure>\n<\/div>\n<\/div>\n","protected":false},"excerpt":{"rendered":"<p>Sun Giri\u015fim olarak bizler \u00f6\u011frencilerin kariyerlerine y\u00f6n vermelerine yard\u0131mc\u0131 olma konusunda tutkulu bir grup e\u011fitimci olarak yola \u00e7\u0131kt\u0131k. \u00d6\u011frenme ve ke\u015ffetmenin g\u00fcc\u00fcne inanan ve bununla fark yaratan bir seyahat acentas\u0131y\u0131z. Amac\u0131m\u0131z, gen\u00e7lerin hayallerini ve hedeflerini ger\u00e7e\u011fe d\u00f6n\u00fc\u015ft\u00fcrmelerine destek olmak ve d\u00fcnya vatanda\u015flar\u0131 olmalar\u0131na katk\u0131da bulunmakt\u0131r.&nbsp; Alan\u0131nda uzman e\u011fitimci&nbsp; ve akademisyenlerin dan\u0131\u015fmanl\u0131\u011f\u0131nda haz\u0131rlanan yurtd\u0131\u015f\u0131 \u00f6\u011frenci programlar\u0131&hellip; <br \/> <a class=\"read-more\" href=\"https:\/\/www.sungirisim.com.tr\/index.php\/hakkimizda\/\">Devam\u0131<\/a><\/p>\n","protected":false},"author":1,"featured_media":127,"parent":0,"menu_order":0,"comment_status":"closed","ping_status":"closed","template":"","meta":{"footnotes":""},"class_list":["post-98","page","type-page","status-publish","has-post-thumbnail","hentry"],"_links":{"self":[{"href":"https:\/\/www.sungirisim.com.tr\/index.php\/wp-json\/wp\/v2\/pages\/98","targetHints":{"allow":["GET"]}}],"collection":[{"href":"https:\/\/www.sungirisim.com.tr\/index.php\/wp-json\/wp\/v2\/pages"}],"about":[{"href":"https:\/\/www.sungirisim.com.tr\/index.php\/wp-json\/wp\/v2\/types\/page"}],"author":[{"embeddable":true,"href":"https:\/\/www.sungirisim.com.tr\/index.php\/wp-json\/wp\/v2\/users\/1"}],"replies":[{"embeddable":true,"href":"https:\/\/www.sungirisim.com.tr\/index.php\/wp-json\/wp\/v2\/comments?post=98"}],"version-history":[{"count":20,"href":"https:\/\/www.sungirisim.com.tr\/index.php\/wp-json\/wp\/v2\/pages\/98\/revisions"}],"predecessor-version":[{"id":338,"href":"https:\/\/www.sungirisim.com.tr\/index.php\/wp-json\/wp\/v2\/pages\/98\/revisions\/338"}],"wp:featuredmedia":[{"embeddable":true,"href":"https:\/\/www.sungirisim.com.tr\/index.php\/wp-json\/wp\/v2\/media\/127"}],"wp:attachment":[{"href":"https:\/\/www.sungirisim.com.tr\/index.php\/wp-json\/wp\/v2\/media?parent=98"}],"curies":[{"name":"wp","href":"https:\/\/api.w.org\/{rel}","templated":true}]}}