{"id":99,"date":"2022-01-29T17:05:33","date_gmt":"2022-01-29T20:05:33","guid":{"rendered":"http:\/\/www.sungirisim.com.tr\/?page_id=99"},"modified":"2025-01-20T18:40:33","modified_gmt":"2025-01-20T21:40:33","slug":"hizmetlerimiz","status":"publish","type":"page","link":"https:\/\/www.sungirisim.com.tr\/index.php\/hizmetlerimiz\/","title":{"rendered":"hizmetlerimiz"},"content":{"rendered":"\n<h2 class=\"wp-block-heading\">Ba\u015fl\u0131ca Gezilerimiz<\/h2>\n\n\n\n<div class=\"wp-block-group\"><div class=\"wp-block-group__inner-container is-layout-flow wp-block-group-is-layout-flow\">\n<div class=\"wp-block-columns is-layout-flex wp-container-core-columns-is-layout-2 wp-block-columns-is-layout-flex\">\n<div class=\"wp-block-column is-layout-flow wp-block-column-is-layout-flow\" style=\"flex-basis:100%\">\n<div class=\"wp-block-columns is-layout-flex wp-container-core-columns-is-layout-1 wp-block-columns-is-layout-flex\">\n<div class=\"wp-block-column is-layout-flow wp-block-column-is-layout-flow\">\n<pre class=\"wp-block-code\"><code>\n\n<div class=\"row spaced-cols\" data-type=\"row\"> <div class=\"col-xs-12 col-sm-6 col-md-4 space-bottom\"> <img decoding=\"async\" class=\"face\" src=\"http:\/\/www.sungirisim.com.tr\/wp-content\/uploads\/2024\/08\/cropped-IMG_2261-scaled-1.jpg\" title=\"cern gezisi\" alt=\"\"> <div data-type=\"column\" class=\"col-padding-small col-padding-small-xs description-container\"> <h4 class=\"font-500\">Cern Bilim Gezisi<\/h4> <p class=\"\">CERN (Conseil Europ\u00e9en pour la Recherche Nucl\u00e9aire), \u0130svi\u00e7re\u2019nin Cenevre \u015fehrinde bulunan bir ara\u015ft\u0131rma merkezidir.<\/p> <a class=\"read-more\" href=\"http:\/\/www.sungirisim.com.tr\/index.php\/gezi-1\" target=\"_self\" data-cp-link=\"1\">devam\u0131<\/a><\/div> <\/div> <div class=\"col-xs-12 col-sm-6 col-md-4 space-bottom\"> <img decoding=\"async\" class=\"face\" src=\"http:\/\/www.sungirisim.com.tr\/wp-content\/uploads\/2024\/08\/cropped-IMG_1846-scaled-1.jpg\" title=\"IMG_1846\" alt=\"\"> <div data-type=\"column\" class=\"col-padding-small col-padding-small-xs description-container\"> <h4 class=\"font-500\">Bilim ve K\u00fclt\u00fcr Gezileri<\/h4> <p class=\"\">SUN Giri\u015fim, Avrupa\u2019da eski \u015fehir merkezleri, bilim merkezleri, tarih ve sanat m\u00fczeleri, e\u011flence ve al\u0131\u015fveri\u015f merkezlerinin \u2026<\/p> <a class=\"read-more\" href=\"http:\/\/www.sungirisim.com.tr\/index.php\/bilim-ve-kultur-gezileri\" target=\"_self\" data-cp-link=\"1\">devam\u0131<\/a><\/div> <\/div> <div class=\"col-xs-12 col-sm-6 col-md-4 space-bottom\"> <img decoding=\"async\" class=\"face\" src=\"http:\/\/www.sungirisim.com.tr\/wp-content\/uploads\/2024\/08\/cropped-group-cheerful-happy-students-sitting-lecture-hall-before-lesson-scaled-1.jpg\" title=\"The group of cheerful happy students sitting in a lecture hall before lesson\" alt=\"\"> <div data-type=\"column\" class=\"col-padding-small col-padding-small-xs description-container\"> <h4 class=\"font-500\">Avrupa\u2019da Dil E\u011fitimi<\/h4> <p class=\"\">SUN Giri\u015fim Avrupa\u2019da farkl\u0131 \u00fclkelerde bulunan uluslararas\u0131 alanda uzun y\u0131llard\u0131r kaliteli hizmet veren ve deneyimli \u2026<\/p> <a class=\"read-more\" href=\"http:\/\/www.sungirisim.com.tr\/index.php\/avrupada-dil-egitimi\" target=\"_self\" data-cp-link=\"1\">devam\u0131<\/a><\/div> <\/div><div class=\"col-xs-12 col-sm-6 col-md-4 space-bottom\"> <img decoding=\"async\" class=\"face\" src=\"http:\/\/www.sungirisim.com.tr\/wp-content\/uploads\/2024\/08\/cropped-nasa2.jpg\" title=\"cropped-nasa2.jpg\" alt=\"\"> <div data-type=\"column\" class=\"col-padding-small col-padding-small-xs description-container\"> <h4 class=\"font-500\">Nasa Gezisi<\/h4> <p class=\"\">SUN Giri\u015fim NASA gezilerinde alan\u0131nda uzman akademisyenlerle \u00f6\u011frencileri astronomi at\u00f6lyelerinde bulu\u015fturarak gen\u00e7lere \u2026<\/p> <a class=\"read-more\" href=\"http:\/\/www.sungirisim.com.tr\/index.php\/nasa-gezisi\" target=\"_self\" data-cp-link=\"1\">devam\u0131<\/a><\/div> <\/div><div class=\"col-xs-12 col-sm-6 col-md-4 space-bottom\"> <img decoding=\"async\" class=\"face\" src=\"http:\/\/www.sungirisim.com.tr\/wp-content\/uploads\/2024\/08\/cropped-IMG_1859-scaled-1.jpg\" title=\"IMG_1859\" alt=\"\"> <div data-type=\"column\" class=\"col-padding-small col-padding-small-xs description-container\"> <h4 class=\"font-500\">Avrupa \u00dcniversite Tan\u0131t\u0131m Gezileri<\/h4> <p class=\"\">SUN Giri\u015fim Almanya, Bel\u00e7ika, Fransa, Hollanda ve \u0130talya\u2019daki d\u00fcnyan\u0131n en prestijli \u00fcniversiteleri ile gen\u00e7leri bulu\u015fturarak \u2026<\/p> <a class=\"read-more\" href=\"http:\/\/www.sungirisim.com.tr\/index.php\/avrupa-universite-tanitim-gezileri\" target=\"_self\" data-cp-link=\"1\">devam\u0131<\/a><\/div> <\/div><\/div>\n\n<\/code><\/pre>\n<\/div>\n<\/div>\n<\/div>\n<\/div>\n<\/div><\/div>\n\n\n\n<p><\/p>\n","protected":false},"excerpt":{"rendered":"<p>Ba\u015fl\u0131ca Gezilerimiz<\/p>\n","protected":false},"author":1,"featured_media":95,"parent":0,"menu_order":0,"comment_status":"closed","ping_status":"closed","template":"","meta":{"footnotes":""},"class_list":["post-99","page","type-page","status-publish","has-post-thumbnail","hentry"],"_links":{"self":[{"href":"https:\/\/www.sungirisim.com.tr\/index.php\/wp-json\/wp\/v2\/pages\/99","targetHints":{"allow":["GET"]}}],"collection":[{"href":"https:\/\/www.sungirisim.com.tr\/index.php\/wp-json\/wp\/v2\/pages"}],"about":[{"href":"https:\/\/www.sungirisim.com.tr\/index.php\/wp-json\/wp\/v2\/types\/page"}],"author":[{"embeddable":true,"href":"https:\/\/www.sungirisim.com.tr\/index.php\/wp-json\/wp\/v2\/users\/1"}],"replies":[{"embeddable":true,"href":"https:\/\/www.sungirisim.com.tr\/index.php\/wp-json\/wp\/v2\/comments?post=99"}],"version-history":[{"count":8,"href":"https:\/\/www.sungirisim.com.tr\/index.php\/wp-json\/wp\/v2\/pages\/99\/revisions"}],"predecessor-version":[{"id":321,"href":"https:\/\/www.sungirisim.com.tr\/index.php\/wp-json\/wp\/v2\/pages\/99\/revisions\/321"}],"wp:featuredmedia":[{"embeddable":true,"href":"https:\/\/www.sungirisim.com.tr\/index.php\/wp-json\/wp\/v2\/media\/95"}],"wp:attachment":[{"href":"https:\/\/www.sungirisim.com.tr\/index.php\/wp-json\/wp\/v2\/media?parent=99"}],"curies":[{"name":"wp","href":"https:\/\/api.w.org\/{rel}","templated":true}]}}